{"id":503,"date":"2018-01-31T15:59:06","date_gmt":"2018-01-31T14:59:06","guid":{"rendered":"http:\/\/www.mirevaltrail.fr\/gardiole\/?page_id=503"},"modified":"2026-03-01T18:49:15","modified_gmt":"2026-03-01T17:49:15","slug":"photos","status":"publish","type":"page","link":"http:\/\/www.mirevaltrail.fr\/gardiole\/photos\/","title":{"rendered":"Photos"},"content":{"rendered":"\n<p><\/p>\n\n\n\n<p><strong>Photos 202<\/strong>6<\/p>\n\n\n\n<p><a href=\"https:\/\/drive.google.com\/drive\/folders\/19XOwU1IDEO_XGosseKhqOkS9u7cF3-eD?fbclid=PAZXh0bgNhZW0CMTEAc3J0YwZhcHBfaWQMMjU2MjgxMDQwNTU4AAGnsBOaPXgFWSS4Wx1GNq7583BQjDWPsayJXXJz67rI5sTXeq87GOqbDof09tE_aem_ilfpGKaG04PU3JQUUT-wKg\">Photos 2026 &#8211; Google&nbsp;Drive<\/a><\/p>\n\n\n\n<p><strong>Photos 2025<\/strong><\/p>\n\n\n\n<p><a href=\"https:\/\/www.mirevaltrail.fr\/gardiole\/photos-2025-1\/\">S\u00e9rie 1<\/a><\/p>\n\n\n\n<p><a href=\"https:\/\/www.mirevaltrail.fr\/gardiole\/photos-2025-2\/\">S\u00e9rie 2<\/a><\/p>\n\n\n\n<p><a href=\"https:\/\/www.mirevaltrail.fr\/gardiole\/photo-2025-3\/\">S\u00e9rie 3<\/a><\/p>\n\n\n\n<p><a href=\"https:\/\/www.mirevaltrail.fr\/gardiole\/photos-2025-4\/\">S\u00e9rie 4<\/a><\/p>\n\n\n\n<p><a href=\"https:\/\/www.mirevaltrail.fr\/gardiole\/photos-2025-5\/\">S\u00e9rie 5<\/a><\/p>\n\n\n\n<p><a href=\"https:\/\/www.mirevaltrail.fr\/gardiole\/photos-2025-6\/\">S\u00e9rie 6<\/a><\/p>\n\n\n\n<p><a href=\"https:\/\/www.mirevaltrail.fr\/gardiole\/photos-2025-7\/\">S\u00e9rie 7<\/a><\/p>\n\n\n\n<p><strong>Photos 2024 <\/strong><\/p>\n\n\n\n<p><a href=\"https:\/\/l.instagram.com\/?u=https%3A%2F%2Fdrive.google.com%2Fdrive%2Ffolders%2F1879nSzbZ1GkU2XpRRQNhVsfhcWNHnWYS%3Fusp%3Dshare_link%26fbclid%3DPAZXh0bgNhZW0CMTEAAaauzOA0RRJta3BMDfxKVVvIbygya2k9s23VZvfOvg9W06vRlQbfjnEPDUk_aem_9eTxtddUsebf345Pd1WgTg&amp;e=AT1HQn2cUZQLZJUd5OXdBtpxFdjRIY9ANrr3zRlNT7UhWHK-QdvygIB5K8P6eTUL9Y8T_LUn4inRbgYiRVUuEh3hCjxyAFj1dDD4ZtF2f4r90QnOTJEMVQ\">Cliquez sur ce lien pour visualiser toutes les photos prises par les b\u00e9n\u00e9voles du Trail <\/a><\/p>\n\n\n\n<p><\/p>\n\n\n\n<p><strong>Photos 2023 <\/strong><\/p>\n\n\n<p><a href=\"https:\/\/drive.google.com\/drive\/folders\/1imKykhb8GKUvxPgDFsu82yzVDZgti9x4?usp=share_link\">Arriv\u00e9es<\/a><\/p>\n<p><a href=\"https:\/\/drive.google.com\/drive\/folders\/1XjyKbD8wTnD9ltP0YZY2qBbdrg0o9KFZ?usp=share_link\">Kids<\/a><\/p>\n<p><a href=\"https:\/\/drive.google.com\/drive\/folders\/1IajrhdgstNlr42QogiG92-bC3CPX_txv?usp=share_link\">D\u00e9parts&nbsp;<\/a><\/p>\n<p><a href=\"https:\/\/drive.google.com\/drive\/u\/2\/folders\/1EHPEc-G1TnwMaSIIsTngwESg0lSkgGLY\">Podiums<\/a><\/p>\n<p><a href=\"https:\/\/drive.google.com\/drive\/folders\/1ACAYBUWZVzZlD6FGaGsNqGwEIPw_gHl0?usp=share_link\">Parcours 1 (Photos de Sophie B) <\/a><\/p>\n<div><a href=\"https:\/\/drive.google.com\/drive\/folders\/12gLc64SbDcb2hgiqHAlavsm1XRafmneh?usp=share_link\">Parcours 2 (photos d&rsquo;Isabelle)<\/a><\/div>\n<div><\/div>\n<div><a href=\"https:\/\/drive.google.com\/drive\/folders\/1X20zCNg8iP2tNUaw7pa3k8O0pOW6aL04\">Parcours 3 (Photos de Yannick Garcia)<\/a><p><\/p>\n<div><\/div>\n<\/div>\n<div><a href=\"https:\/\/drive.google.com\/drive\/folders\/168zsFa1T1boIaVtw6RwgMHCva_CKujXl\">Parcours 4 (photos d\u2019Emilie Cassar)<\/a><\/div>\n<div><\/div>\n<div><a href=\"https:\/\/drive.google.com\/drive\/folders\/1Z4QwVmqC00ToYLkUbhE2uHsHazbnp6kA\">Parcours 5 (photos d\u2019Emilie Cassar)<\/a><\/div>\n<div class=\"yj6qo\"><\/div>\n<div class=\"adL\"><\/div>\n<div class=\"adL\"><\/div>","protected":false},"excerpt":{"rendered":"<p>Photos 2026 Photos 2026 &#8211; Google&nbsp;Drive Photos 2025 S\u00e9rie 1 S\u00e9rie 2 S\u00e9rie 3 S\u00e9rie 4 S\u00e9rie 5 S\u00e9rie 6<\/p>\n","protected":false},"author":1,"featured_media":0,"parent":0,"menu_order":0,"comment_status":"closed","ping_status":"closed","template":"","meta":[],"_links":{"self":[{"href":"http:\/\/www.mirevaltrail.fr\/gardiole\/wp-json\/wp\/v2\/pages\/503"}],"collection":[{"href":"http:\/\/www.mirevaltrail.fr\/gardiole\/wp-json\/wp\/v2\/pages"}],"about":[{"href":"http:\/\/www.mirevaltrail.fr\/gardiole\/wp-json\/wp\/v2\/types\/page"}],"author":[{"embeddable":true,"href":"http:\/\/www.mirevaltrail.fr\/gardiole\/wp-json\/wp\/v2\/users\/1"}],"replies":[{"embeddable":true,"href":"http:\/\/www.mirevaltrail.fr\/gardiole\/wp-json\/wp\/v2\/comments?post=503"}],"version-history":[{"count":22,"href":"http:\/\/www.mirevaltrail.fr\/gardiole\/wp-json\/wp\/v2\/pages\/503\/revisions"}],"predecessor-version":[{"id":2973,"href":"http:\/\/www.mirevaltrail.fr\/gardiole\/wp-json\/wp\/v2\/pages\/503\/revisions\/2973"}],"wp:attachment":[{"href":"http:\/\/www.mirevaltrail.fr\/gardiole\/wp-json\/wp\/v2\/media?parent=503"}],"curies":[{"name":"wp","href":"https:\/\/api.w.org\/{rel}","templated":true}]}}