{"id":59,"date":"2016-09-23T19:46:41","date_gmt":"2016-09-23T17:46:41","guid":{"rendered":"http:\/\/www.mirevaltrail.fr\/gardiole\/?page_id=59"},"modified":"2025-10-29T09:55:40","modified_gmt":"2025-10-29T08:55:40","slug":"6-km","status":"publish","type":"page","link":"http:\/\/www.mirevaltrail.fr\/gardiole\/6-km\/","title":{"rendered":"La Grande Travers\u00e9e"},"content":{"rendered":"<p><img loading=\"lazy\" class=\"alignnone wp-image-609\" src=\"http:\/\/www.mirevaltrail.fr\/gardiole\/wp-content\/uploads\/2018\/11\/itineraire-png-respecter-votre-destination-initiale-1200-300x300.png\" alt=\"itineraire-png-respecter-votre-destination-initiale-1200\" width=\"62\" height=\"62\" srcset=\"http:\/\/www.mirevaltrail.fr\/gardiole\/wp-content\/uploads\/2018\/11\/itineraire-png-respecter-votre-destination-initiale-1200-300x300.png 300w, http:\/\/www.mirevaltrail.fr\/gardiole\/wp-content\/uploads\/2018\/11\/itineraire-png-respecter-votre-destination-initiale-1200-150x150.png 150w, http:\/\/www.mirevaltrail.fr\/gardiole\/wp-content\/uploads\/2018\/11\/itineraire-png-respecter-votre-destination-initiale-1200-768x768.png 768w, http:\/\/www.mirevaltrail.fr\/gardiole\/wp-content\/uploads\/2018\/11\/itineraire-png-respecter-votre-destination-initiale-1200-1024x1024.png 1024w, http:\/\/www.mirevaltrail.fr\/gardiole\/wp-content\/uploads\/2018\/11\/itineraire-png-respecter-votre-destination-initiale-1200.png 1200w\" sizes=\"(max-width: 62px) 100vw, 62px\" \/>\u00a0<strong> DISTANCE : 28 km\u00a0<\/strong><\/p>\n<p><img loading=\"lazy\" class=\"alignnone wp-image-610\" src=\"http:\/\/www.mirevaltrail.fr\/gardiole\/wp-content\/uploads\/2018\/11\/Mountain_icon_Noun_Project.svg_.png\" alt=\"Mountain_icon_(Noun_Project).svg\" width=\"67\" height=\"67\" \/>\u00a0<strong>D\u00c9NIVEL\u00c9 : 605 m<\/strong><\/p>\n<p><img loading=\"lazy\" class=\"alignnone wp-image-607\" src=\"http:\/\/www.mirevaltrail.fr\/gardiole\/wp-content\/uploads\/2018\/11\/checkered-307567_960_720-184x300.png\" alt=\"checkered-307567_960_720\" width=\"74\" height=\"121\" srcset=\"http:\/\/www.mirevaltrail.fr\/gardiole\/wp-content\/uploads\/2018\/11\/checkered-307567_960_720-184x300.png 184w, http:\/\/www.mirevaltrail.fr\/gardiole\/wp-content\/uploads\/2018\/11\/checkered-307567_960_720.png 441w\" sizes=\"(max-width: 74px) 100vw, 74px\" \/>\u00a0\u00a0<strong>D\u00c9PART: \u00e0 d\u00e9finir<\/strong><\/p>\n","protected":false},"excerpt":{"rendered":"<p>\u00a0 DISTANCE : 28 km\u00a0 \u00a0D\u00c9NIVEL\u00c9 : 605 m \u00a0\u00a0D\u00c9PART: \u00e0 d\u00e9finir<\/p>\n","protected":false},"author":1,"featured_media":0,"parent":0,"menu_order":0,"comment_status":"closed","ping_status":"closed","template":"","meta":[],"_links":{"self":[{"href":"http:\/\/www.mirevaltrail.fr\/gardiole\/wp-json\/wp\/v2\/pages\/59"}],"collection":[{"href":"http:\/\/www.mirevaltrail.fr\/gardiole\/wp-json\/wp\/v2\/pages"}],"about":[{"href":"http:\/\/www.mirevaltrail.fr\/gardiole\/wp-json\/wp\/v2\/types\/page"}],"author":[{"embeddable":true,"href":"http:\/\/www.mirevaltrail.fr\/gardiole\/wp-json\/wp\/v2\/users\/1"}],"replies":[{"embeddable":true,"href":"http:\/\/www.mirevaltrail.fr\/gardiole\/wp-json\/wp\/v2\/comments?post=59"}],"version-history":[{"count":46,"href":"http:\/\/www.mirevaltrail.fr\/gardiole\/wp-json\/wp\/v2\/pages\/59\/revisions"}],"predecessor-version":[{"id":2932,"href":"http:\/\/www.mirevaltrail.fr\/gardiole\/wp-json\/wp\/v2\/pages\/59\/revisions\/2932"}],"wp:attachment":[{"href":"http:\/\/www.mirevaltrail.fr\/gardiole\/wp-json\/wp\/v2\/media?parent=59"}],"curies":[{"name":"wp","href":"https:\/\/api.w.org\/{rel}","templated":true}]}}